2 - 1) + 15 + -16. Suppose j*a = a - 7. What is the units digit of a?
7
Let x = -52 + 132. Suppose 0 = 2*k - 8 - x. What is the tens digit of k?
4
Suppose p + 5*m - 972 = 0, 2*m = -3*p + 1677 + 1304. What is the tens digit of p?
9
Suppose -j = 2*d - 27, -52 = -j + 3*d - 0*d. Suppose h = -j + 166. What is the tens digit of h?
2
Suppose -2*u = -0*u. Suppose -4*v + 5*b + 191 = -u*v, -b = 4*v - 197. What is the tens digit of v?
4
Let r be (5 + -3 - 1)*-2 - -243. Suppose 32 + r = 3*i. What is the units digit of i?
1
Let z(g) = 92*g + 7. What is the units digit of z(9)?
5
Suppose -o + 2*d = 6*d - 49, 134 = 2*o - d. Suppose 4*y + o = 5*m - 695, 2*m = 3*y + 304. What is the hundreds digit of m?
1
Suppose -3*g = -16 + 70. What is the units digit of ((-15)/g*-3)/(1/(-46))?
5
Suppose 0 = -3*k - 8 + 35. Suppose -11*u + 14 = -k*u. What is the units digit of u?
7
Let h(v) = -v**2 - 4*v + 5. Let n be 15/25 + (-144)/15. Let r be h(n). Let i = 80 + r. What is the tens digit of i?
4
Let d = 81 - 77. Suppose 5*i = d*l + 595, -8*i + 3*i = 3*l - 595. What is the tens digit of i?
1
Suppose 9*t = 6*t. Suppose t*z - 4*z - 12 = 0, z = 4*s - 19. Suppose -s*i + 102 - 6 = 0. What is the tens digit of i?
2
Let y(z) = -z**2 + 26*z - 9. Let i be y(8). Suppose 46*p - 41*p - i = 0. What is the units digit of p?
7
Let f(b) = b**3 + 6*b**2 - 3*b - 9. Let d be f(-6). Let r(p) = p**2 - 13*p + 31. Let s be r(10). Suppose -4*i + d - s = 0. What is the units digit of i?
2
Suppose 49 - 16 = 11*i. Suppose -3*b + i*j = -540, 6*b + 2*j - 702 = 2*b. What is the units digit of b?
7
Suppose 5*l - 520 = -s + 304, -664 = -4*l - 2*s. What is the hundreds digit of l?
1
Let w be 3/(3/(-27)*-3). Let d = w - 6. Suppose d*z = 5 + 7. What is the units digit of z?
4
Suppose 14 = -22*b + 19*b + 5*l, 2*b - 3*l + 8 = 0. Let u = 118 - 32. Suppose -4*x = b*z - u, -2*x - x - 3*z + 72 = 0. What is the tens digit of x?
1
Let f = 65 + 19. What is the tens digit of (19 - (-1 + 0))*f/15?
1
Let r(k) = -4 - k**3 - 5*k**2 - 6*k + 3 - 2. Suppose -9 + 1 = 2*q. What is the units digit of r(q)?
5
Let d = 374 + 321. What is the tens digit of d?
9
Suppose 0 = 2*i - 8, -4*d + 0*d - i = 8. Let p(h) = h**2 + h - 4. Let l be p(d). Suppose 4*w + 7 = w - l*q, -5*q = -5*w + 30. What is the units digit of w?
1
What is the tens digit of 6176/9 - (-46)/(-207)?
8
Suppose -16*n = -24*n + 24. Suppose -9*u + n*u = -864. What is the tens digit of u?
4
Suppose 14*w + 8 = 10*w, 2*i - 6952 = -3*w. What is the units digit of i?
9
Suppose -23*s + 18*s - 2*o = -19127, -3828 = -s - 3*o. What is the units digit of s?
5
Suppose -231*t = -228*t - 252. What is the hundreds digit of 101*((-36)/t)/(1/(-7))?
3
Let w = -33 - -36. Suppose w*g - 255 = 6. Suppose 145 = 5*p - 4*l, -2*l - l - g = -3*p. What is the tens digit of p?
2
Suppose -4*p + 76 = d, -13*p - 4*d = -9*p - 64. Let m = 4 - 2. Suppose 0 = 5*r - 5*h - 235 + p, -r - m*h + 31 = 0. What is the units digit of r?
9
Suppose 11*u = 43709 + 13865. What is the thousands digit of u?
5
Let m = -20 - -22. Suppose -147 = -m*w + 5. Suppose -s - 85 = -2*y, s = 2*y + 3*s - w. What is the units digit of y?
1
Suppose -3*t - 2*t - 4*c = -36, 4*c = 2*t - 20. Let l = t - 5. Let m(h) = h**3 + h - 4. What is the units digit of m(l)?
6
Suppose 5*v - 3*m - 1905 = -8*m, v + 2*m - 382 = 0. What is the hundreds digit of v?
3
What is the tens digit of 2/(4*2/4) - -35?
3
Let a(x) = 0 + 3 - 3 - 2*x - 3. Let o be a(-3). Suppose 4*j + 32 = o*b + b, -2*b + 10 = 4*j. What is the units digit of b?
7
What is the hundreds digit of (-73875)/(-150)*(-12)/(-15)?
3
Suppose -4*p = -0*p - 4*k - 40, 5*k = -15. What is the units digit of p?
7
Suppose -2*c + 2*l = c - 32, -3*l = -15. What is the tens digit of (-1603)/(-49) + 4/c?
3
Let h = 449 + -192. What is the units digit of h?
7
Let r(z) = -1 - 23*z - 5 + 11*z - 6*z. What is the hundreds digit of r(-14)?
2
Let t(h) = 2*h**2 - 12*h - 23. Let x be t(10). Suppose -5*m + x - 214 = -3*u, 2*m + 10 = 0. What is the units digit of u?
4
Suppose -41*b + 5701 = -5902. What is the tens digit of b?
8
What is the tens digit of 118 - -726 - (8 - 1)?
3
Let t(l) = -3*l - 9. Let v = -11 - -4. Let q be t(v). Let f = 13 - q. What is the units digit of f?
1
Let p be (84/(-10))/(10/(-25)). Let h be 4/22 - (-68)/(-11). Let n = h + p. What is the units digit of n?
5
Suppose -12*f + 4 = 28. What is the units digit of f/8 - (-3731)/28?
3
Let o = 574 + 2952. What is the tens digit of o?
2
Suppose 4*i = -2*v + 3240, -3*v - 3*i + 4850 = -2*i. What is the tens digit of v?
1
Let h = 2944 + 156. What is the thousands digit of h?
3
Let c(g) = -118*g + 25. What is the tens digit of c(-8)?
6
Let i(m) = -33*m + 2 + 27*m + 1. Let h be i(10). Let k = h + 95. What is the tens digit of k?
3
Let d be 1 + -4 + 4 + 25. Suppose -d - 14 = -2*p. Suppose p = -2*j + 68. What is the units digit of j?
4
What is the tens digit of 6/2*(-16 + (-10176)/(-36))?
0
Let a(m) = -8*m + 3. Let s(y) = -88*y + 32. Let k(q) = -32*a(q) + 3*s(q). Let c be k(-1). What is the units digit of (0 + 10/4)*c?
0
Suppose 3*h = -4*j + 11, -h + 4 = 4*j - 5. Suppose 11 = j*i - i. Suppose -8 = 4*p, 2*c + 2*p - 19 = i. What is the units digit of c?
7
Let l(s) = 2*s**2 + 2*s. Let g be l(-2). Suppose 0*f - g*f = 4*p + 44, 4*f = 5*p + 91. What is the units digit of (p/6)/((-4)/32)?
0
Let l = -1407 + 1959. What is the units digit of l?
2
Let n(g) = -9*g**3 - 6*g**2 - 9*g - 21. What is the units digit of n(-4)?
5
What is the units digit of 3*5/15*-3 + 552?
9
Let d(m) = -6*m - 53. Let i be (2 - 19) + (-6)/3 + 6. What is the units digit of d(i)?
5
Let q(r) = -r**2 - 32*r + 24. Let j = -124 - -107. What is the tens digit of q(j)?
7
Suppose -4*j - 3*n + 957 = 0, 2 = -n - 3. Suppose 0 = -r - 33 + j. Suppose 0 = c + 2*c - r. What is the units digit of c?
0
Suppose 4*m = -o + 1, m + 12 = -5*o - 2*m. What is the units digit of -1*o/(6/68)?
4
Let t(w) = w**3 + 5*w**2 - 3. Let j be t(-5). What is the tens digit of (3 - (-6)/j)*24?
2
Suppose 2*q + 10*n - 1224 = 12*n, 2*n = -10. What is the tens digit of q?
0
Let t(l) be the second derivative of l**3/3 - 3*l**2/2 + 4*l. Let s be t(4). Suppose -3*y = -a - 0*a - 94, 5*y - s*a = 170. What is the units digit of y?
0
Let h(r) = 2*r**2 - 6*r - 13. Let i be (-40)/(-12)*24/10. What is the tens digit of h(i)?
6
Let i(a) = -2*a**3 + 3*a**2 + 30*a - 32. What is the hundreds digit of i(-10)?
9
Let i(f) = -6*f + 7. What is the units digit of i(-8)?
5
Suppose 25*w = 10*w + 5055. What is the units digit of w?
7
Suppose -n + 166 = 3*n + 3*j, 3*j = 4*n - 154. What is the units digit of n?
0
Let s(w) = -6*w + 276. Suppose -6*k = 4*k. What is the hundreds digit of s(k)?
2
Suppose 3*w + 5*i + 4 = 5*w, -3*i = 4*w - 34. Let s = 13 - w. Let c = 6 + s. What is the tens digit of c?
1
Suppose -141 + 141 = -7*r. Suppose 0*g = -g - 9. What is the units digit of 1 + r + g + 40?
2
Let h(c) = c**2 - 8*c - 7. Let i be h(9). Let m(x) = 5*x**2 - 3*x**2 - 1 - 3*x**i + 23*x**2. What is the units digit of m(-1)?
1
Suppose 0 = 5*i - 3*j + 6*j + 69, 5*i = -4*j - 67. Let v(a) = -5 - 2*a + 18 - 15*a**2 - 5*a**3 + 16*a**3 - 12*a**3. What is the tens digit of v(i)?
4
Let u(n) = 2*n**2 - 12*n + 4. Let p be u(5). What is the units digit of ((p - -4) + 1)*(2 - 41)?
9
Suppose -5*z + 7*n = 3*n - 116, -4*z + 5*n = -100. Let c be ((-8)/z)/((-1)/5). Suppose -3*k + 8 = d, -c*k + 7 = -4*d + 25. What is the units digit of k?
1
Suppose 0 = -h - 15 - 39. Let q = h - -101. What is the tens digit of q?
4
Let u be (-18)/(-4)*(-2)/(-1). Suppose 6 = t - u. What is the units digit of t?
5
Let c be 8/12 - (-12)/9. Suppose 3*w - 5 + c = 0. Let m = 10 - w. What is the units digit of m?
9
What is the hundreds digit of 59752/33 - (-10)/(-6)?
8
Suppose 3*i = 4*b - 367 + 131, 3*b + 323 = -4*i. Let k = i - -144. What is the tens digit of k?
6
Let x(u) = -2*u + 4. Let k be x(6). What is the units digit of 18/(-15)*420/k?
3
Let j(c) = 197*c**2 - c - 24. What is the thousands digit of j(4)?
3
Let b(q) = 1 - 1 + 3*q**2 + 3 - 4. Let m be b(1). Suppose -22 = -m*s + 4*k, -62 = 2*s - 4*s - 4*k. What is the tens digit of s?
2
Let y be (-6)/(-14)*(-3 - -10). Suppose 5*k + 5*g = -65, 2*k - y*g + 11 = -0*g. What is the units digit of k/35 + 634/14?
5
Suppose 7*h + 140 + 0 = 0. Let o = 42 + h. What i